*b - 6 = -u - 110, 159 = v*b - 3*u. Is b a prime number?
False
Let s(k) = -2*k + 12. Let b be s(8). Is 474/4*b/(-6) a composite number?
False
Let h(s) = -10 + 6*s + 3 - 11*s. Let a(k) = 2*k + 2. Let u be a(-5). Is h(u) a prime number?
False
Suppose 0 = 2*l - 293 + 71. Is l composite?
True
Let z = -2744 - -4558. Is z composite?
True
Suppose 0 = -5*j + j + 24. Let v = 6 - j. Suppose v = h + 31 - 84. Is h a prime number?
True
Let v = 10 - 10. Suppose -4*g + 0*g + 5*m + 1651 = v, 5*g - 3*m - 2080 = 0. Is g composite?
False
Suppose -14 = 3*n - 2. Is -2 + (n - -152) + 3 a prime number?
True
Let t(n) be the second derivative of n**4/12 + n**3/3 - 5*n**2 - n. Is t(-7) composite?
True
Let m(z) = 3*z**2 - 1. Let q be m(1). Suppose q*n - 237 - 85 = 0. Is n a prime number?
False
Suppose -57 = -2*d + 2*a + 425, 0 = -3*d - 4*a + 695. Is d composite?
True
Suppose 0 = -5*j + 71 + 714. Is j a composite number?
False
Let k(y) = -4*y**3 + 2*y**2 - 8*y - 3. Is k(-5) a composite number?
False
Let i = -3 + 2. Let u be ((-3*1)/(-3))/i. Is u + 3 - (0 - 0) a composite number?
False
Let a(f) = 2*f + 5 - 2 - 3. Let n be a(2). Suppose 0*x - 3*x + n*p + 89 = 0, p = 5*x - 154. Is x prime?
True
Let h be (-3 + 11/3)*3. Suppose h*n - 39 = 283. Is n prime?
False
Suppose -79 = z - 0*z. Is (z/(-2) - 1)*2 prime?
False
Suppose 5*c + 3078 = 4*j, -3958 = -5*j + 3*c - 117. Is j a composite number?
True
Suppose z + 0*q = 2*q + 1105, 2*z + 4*q - 2250 = 0. Is z prime?
False
Suppose l - 4*f = 245, 4*f = -3 - 5. Let m = l - 450. Let d = 322 + m. Is d a composite number?
False
Let c(d) = d**2 - 5*d + 6. Let q be c(4). Suppose -n = 3*b + n - 10, 0 = -q*b - 3*n. Is b/(-4)*(1 - 15) prime?
False
Let o = 268 + -57. Is o a prime number?
True
Suppose 2*u = -4*k + 2, k + 2*u = -k + 4. Let h be (-2 + -1)/(k/4). Suppose -p + 22 = -h. Is p a composite number?
True
Suppose 2*z - s = 2*s + 3950, 0 = 3*z - 5*s - 5927. Is z prime?
False
Let b(l) = 20*l**3 - 4*l**2 - 26*l - 15. Let t(r) = -7*r**3 + r**2 + 9*r + 5. Let h(v) = -6*b(v) - 17*t(v). Is h(6) a composite number?
False
Suppose 27 = d + 5*z, -4*z - 2 = -3*d - 16. Let y(w) = -w**2 + 5*w - 3. Let i(s) = -2*s**2 + 9*s - 7. Let r(o) = d*i(o) - 5*y(o). Is r(-6) prime?
True
Suppose -4*k = 5*a - 15, -k + 3*a + a - 12 = 0. Suppose -6*p + 4*p + 130 = k. Is p a prime number?
False
Let w be (3/2)/(3/1788). Is w/10 - (-8)/(-20) prime?
True
Let m = 118 - -618. Let z = m - 437. Is z composite?
True
Suppose 2*x - 55 - 1359 = 0. Is x a prime number?
False
Let x be -5 + 65 - (-1 + -1). Suppose 5*v - 7*v + x = 0. Is v prime?
True
Let w = 107 - 32. Suppose d - 154 = -5*g - 58, 4*g = d + w. Is g a prime number?
True
Suppose -3*t = -979 - 9998. Is t prime?
True
Let o be 3*(-10)/(-6)*61. Suppose -2*y + 3*i = -295, 0 = 2*y - 4*y + i + o. Is y composite?
True
Let c = 4880 + -1875. Is c a prime number?
False
Let y be (-268)/2 - (-8)/4. Is (y/(-36))/((-1)/(-6)) composite?
True
Let a = 212 + -21. Is a a prime number?
True
Let m(x) be the third derivative of 31*x**4/24 + 2*x**3/3 - 5*x**2. Is m(3) a composite number?
False
Suppose 5*x + 198 = 633. Suppose 0 = -0*k - k + 2*v + x, 2*v - 95 = -k. Is k composite?
True
Is 101/4*(-1)/(3/(-24)) a composite number?
True
Suppose 0 = 4*p + 5*q - 5482, q - 5*q = -2*p + 2754. Is p a prime number?
True
Let t(o) = -7*o + 4. Let b(u) = -6*u + 5. Let v(z) = 4*b(z) - 5*t(z). Let r be v(2). Let a = r + 13. Is a a prime number?
False
Let z(l) = -2*l - 10. Let f be z(-9). Let q(p) = p**3 - 7*p**2 - 5*p - 2. Is q(f) a prime number?
False
Suppose -3*m - 1 = -2*m, -4*m = -5*j + 9. Suppose f - 2 = -0*f. Is (j - f)*(0 + -51) a composite number?
True
Let l = 16 - 26. Is (-2067)/(-7) - l/(-35) a composite number?
True
Suppose -36 = -i - 2*i. Let l = i + -9. Suppose 2*b + 4*j = 3*b - 69, 2*j + 197 = l*b. Is b prime?
False
Suppose -4*p = -1338 - 1730. Is p prime?
False
Let f = -163 + 346. Suppose 0 = 2*y - f - 107. Is y composite?
True
Suppose -137 = -4*z + 4*y + 439, y - 714 = -5*z. Is z a composite number?
True
Suppose 19 = -4*b - 5*r, 9 + 4 = -2*b + r. Let l be (-171)/(-2) + 9/b. Let i = 43 + l. Is i composite?
False
Let w be ((3 + 393)/4)/1. Suppose -3*k + w = 2*x - 72, -3*x + 4*k + 299 = 0. Is x composite?
True
Let w(o) = 2*o**3 - 3*o**2 + 2*o - 3. Let v be w(2). Suppose v*g - 2*g = 15. Suppose 4*n - 144 = -4*b, -2*b = -n - g*b + 34. Is n a composite number?
False
Let j be (-4)/10 - 37/(-5). Let q = j + -6. Let n(y) = 77*y**3. Is n(q) composite?
True
Suppose -30*n + 3484 = -26*n. Is n a prime number?
False
Let b(i) = i + 8*i + 1 + 0 - i**2 + 4*i**2. Is b(8) a prime number?
False
Suppose 5*h - 98 + 28 = 0. Is h a composite number?
True
Let r be (-26)/2*1 + 0. Suppose 106 = 7*a - 55. Let k = a + r. Is k prime?
False
Let o(z) = -11*z**2 + 19*z - 25. Let g(q) = -5*q**2 + 9*q - 12. Let i(w) = -9*g(w) + 4*o(w). Let r be i(7). Suppose 101 - r = u. Is u composite?
False
Suppose 3*y + 14 - 5 = 0. Is 90 + (0 + -2 - y) a composite number?
True
Is (-1 - 1)/(18/(-3573)) a composite number?
False
Suppose -2*p + 194 + 1796 = 0. Is p a prime number?
False
Suppose 5*k = 4*r - 3, -4*r - 2*k + 12 = 2*k. Let n(t) = -2*t. Let l be n(-1). Is (r/4)/(l/52) a composite number?
False
Suppose -42 = -2*o - o. Suppose 0 - o = -2*a. Let x = a - -2. Is x prime?
False
Let j(o) = o**2 + 8. Let l be j(0). Suppose 0 = 5*c - 3*c - l. Suppose -109 = -h - 2*m - 3*m, 0 = -m + c. Is h a prime number?
True
Let k(p) = 20*p + 1. Let c be k(-1). Let q = c + 29. Is q a prime number?
False
Suppose -3*x = 3*c - 18, x - 3 = -2*c + 7. Suppose 0 = p - x*p + 4. Is (-2)/(-4) - (-22)/p composite?
True
Suppose 0 = -4*m + 17 - 89. Suppose 16 = -4*g, -4*n - 2*g - 214 = -3*n. Is (-12)/m + n/(-6) prime?
False
Suppose -3 + 7 = -2*t. Let a = t - -4. Suppose -4*v = a*s + 3*s - 168, 4*s + 157 = 3*v. Is v composite?
False
Let u = 7 - 7. Suppose u*c = -4*c. Suppose c*r + 260 = 4*r. Is r a composite number?
True
Suppose 2*x + 3*x = -20. Let b be 6/x*(1 - -1). Let i(d) = -2*d**3 - 2*d**2 - 2*d - 3. Is i(b) prime?
False
Is 61 - ((-9)/(-3) + 1) prime?
False
Is 1545/6*(-4 - -6) a composite number?
True
Suppose -3*u = -2*u + 1, t = -u + 198. Is t a composite number?
False
Suppose -w - 3*y = -29 + 13, -w + 5*y = -56. Suppose -4*b = -2*u + b + w, 0 = -2*b - 10. Suppose i + 2*r - 27 = 12, -u*r = -2*i + 71. Is i a composite number?
False
Let w be (-2)/(4/28*-2). Suppose -5*u - 4*s = -917, -w*u + 2*u + 915 = 5*s. Is u composite?
True
Let r(c) = -c + 4. Let o be r(4). Suppose 5*u + 4*q - 62 - 35 = o, -u = 5*q - 11. Is u a prime number?
False
Suppose 0 = -2*f + 6*f - 3556. Is f a prime number?
False
Let q = 22 + -4. Suppose 111 - q = k. Is k a composite number?
True
Let r(f) = -2*f - 2 + 28 - 4 + 3*f. Let z(x) = -x**3 - 3*x**2 + 3*x - 4. Let d be z(-4). Is r(d) a composite number?
True
Let r(z) = 19*z + 1. Suppose -4*n = -4*t + 12, -5*t + 19 = -n - 0*n. Is r(t) prime?
False
Suppose 6*i - 2*i - 186 = -3*f, 3*i + 2*f - 140 = 0. Suppose -4*r = 3*z - 85, -3*r + 3*z + i = -0*r. Is r composite?
False
Suppose 162 = 2*x - 34. Suppose 6 = -4*r + x. Is r prime?
True
Let x(v) = -83*v. Let b be x(2). Is (6/12)/((-1)/b) a prime number?
True
Suppose -5*c - 964 + 4139 = 0. Is c a composite number?
True
Suppose j - 3*j = -6. Suppose -j*g + 2 + 1 = 0. Is g/(-3*2/(-294)) composite?
True
Let t(m) = -4*m**3 + 4*m**2 - 2*m - 2. Let a be t(2). Is 4/a - (-2213)/11 prime?
False
Let c = 105 + -60. Suppose 0 = -0*n + 5*n + c. Is (-2)/n + (-1263)/(-27) a prime number?
True
Suppose 5*c - 5505 = -5*y, -c + 6*y + 1131 = y. Suppose 0 = -2*w + 4*f + c, -5*f = -w - 303 + 856. Is w a prime number?
False
Let r(g) = -8*g + 2. Let f(h) = -7*h + 2. Let a(c) = 3*f(c) - 2*r(c). Let m(o) = o + 2. Let w be m(-6). Is a(w) composite?
True
Let h(p) be the third derivative of -p**7/1008 + p**6/120 - p**5/30 + 2*p**2. Let m(s) be the third derivative of h(s). Is m(-5) a composite number?
False
Suppose 0*x - x + 3*q = 7, -4*q = x - 14. Let m = x - -3. Let c(a) = 2*a**3 - 5*a**2 + 7*a - 3. Is c(m) composite?
False
Let d = -73 + 140. Is d a composite number?
False
Let q(i) be the second derivative of i**4/12 - 5*i**3/6 - 5*i**2 - i. Let m be q(7). Let u(l) = 8*l + 5. Is u(m) prime?
True
Let h = -6391 + 16332. Is h composite?
False
Let q = -21 - -14. Let t = -14 + q. Is